digit of h(w)?
2
Suppose 0 = 25*i - 9*i - 4048. What is the tens digit of i?
5
Suppose -5*c + 6*j = j - 270, 3*c + 4*j - 134 = 0. Let x = 78 - c. What is the units digit of x?
8
Suppose -3*s = 2*s - 900. What is the units digit of s?
0
Suppose -14 - 12 = -b. What is the tens digit of (2/4)/(1/b)?
1
Let i(q) = -5*q**3 + q**2 - q - 1. Suppose r = -3*r - 4. What is the units digit of i(r)?
6
What is the units digit of -15*4/(4*-1)?
5
Let h be (3 + -1)/(-1) + 11. Let v = h + -3. What is the units digit of 3/(-6) - (-39)/v?
6
Let n(d) = d**2 - 3*d - 8. Let a be n(7). Suppose 5*p - a = -5*h + 20, -2*h = 5*p - 28. What is the units digit of p?
4
Suppose k - 18 = -2*k. Suppose -4*m - s + k = -4, s = -m + 4. Suppose -m*p + 32 = -2. What is the units digit of p?
7
Let n = -3 + 5. Suppose 0 = n*y + 2*y + 20. Let p(x) = x**2 + 4*x - 1. What is the units digit of p(y)?
4
Let d(f) = -f**3 - 4*f**2 + 6*f + 5. Let p be d(-5). Let r = p - -21. What is the units digit of r?
1
Suppose -6*d + 7 + 11 = 0. Suppose 3*x = -5*t + x + 37, -4*t + d*x = -25. What is the units digit of t?
7
Let y(r) = -r**3 - 5*r**2 - 6*r + 6. Let s be y(-5). Let l = -20 + s. What is the units digit of l?
6
Suppose -3*q - 21 = -4*i, 3*i + 4*q = i + 16. Suppose 0 - i = -3*d. What is the units digit of d?
2
Let w be -9*3*4/18. Let y = w - -6. Suppose y*k - 4*k = -48. What is the units digit of k?
2
Suppose 0 = 2*z - 2 - 76. What is the units digit of z?
9
Let d = 3 - 7. Let v(u) = -u**2. Let h be v(-3). Let f = d - h. What is the units digit of f?
5
Suppose -m + 4 - 1 = -y, 5*y = -m - 3. Suppose -m*n + 6*n = 12. Suppose 0*j = n*j - 33. What is the tens digit of j?
1
Suppose z + 21 = -2*z. Let i(d) = d**3 - 4*d**2 + 3*d - 1. Let g be i(4). Let y = g + z. What is the units digit of y?
4
What is the units digit of (-24)/(-36) + 278/6?
7
Let g be (-3)/(-12) + (-11)/(-4). Suppose 1 - 22 = -g*u. What is the units digit of u?
7
Let q be -1 + 3 - 21*1. Let t = q + 35. What is the tens digit of t?
1
Suppose 12*f + 45 = 5*j + 7*f, j = -3*f + 1. What is the units digit of j?
7
Suppose 0*x + 4*o = -4*x - 12, 2*x = -o - 11. Let b(i) be the third derivative of i**5/60 + i**4/4 - 5*i**3/6 + 2*i**2. What is the tens digit of b(x)?
1
Let r be 3/(-2)*10/(-3). Suppose 2*c = 5*y - 3*c - r, y - 7 = -2*c. What is the units digit of y?
3
Suppose -20*n + 270 = -15*n. What is the tens digit of n?
5
Let n = -265 + 505. What is the units digit of n?
0
Suppose -123 = 4*o - 423. What is the tens digit of o?
7
Suppose 3*j - 24 = 3*i, 0*j - 3*j + 14 = -5*i. Let w = j - -8. What is the tens digit of w?
2
Let h be 102/9 + (-4)/(-6). Let n = h - 20. Let t = -3 - n. What is the units digit of t?
5
What is the units digit of (-630)/(-4) + (-5)/2 + 2?
7
Suppose -y + 3*i - 2 - 7 = 0, y - 5*i = -17. Suppose y*b + 2*b = 5. What is the units digit of b?
1
Let v(l) = -4 + 4*l + 4 + 2*l**2 - 2 - l**3 + 1. Let y be v(3). Suppose -5*a - 2*w + 88 = 0, 0*a - a = -y*w - 20. What is the tens digit of a?
1
Let l be ((-16)/(-6))/(4/6). Let a = 1 + l. What is the tens digit of 218/10 + a/25?
2
Suppose 3*j = -19 - 14. Let v = j + 17. What is the units digit of v?
6
Suppose -3*j - 3*k + 26 = 2*j, -j - 4*k - 5 = 0. What is the units digit of (j/21)/(2/30)?
5
Let q(j) = 39*j + 1. Let l be q(1). Let a = l - 27. What is the units digit of a?
3
Let r = 100 + -54. What is the tens digit of r?
4
Let k be (1 - 1) + -2*1. What is the units digit of (-5 - (k + 0)) + 14?
1
Let c = -23 - 0. Let x = c + 32. What is the units digit of x?
9
Suppose 2*h + 4 = -3*j - 78, -4*h = -3*j + 164. Let a = -21 - h. Suppose -2*x + a = -4. What is the tens digit of x?
1
Suppose -3*x = 25 + 11. Let b(w) = -w**2 - 15*w - 18. What is the tens digit of b(x)?
1
Let j be -1 - (-1*4 - 1). Suppose -j*c + 6 = -2*c. Suppose -1 + c = y. What is the units digit of y?
2
Let k(v) be the first derivative of v**4/4 + 3*v**3 + 7*v**2/2 - 10*v + 5. What is the tens digit of k(-7)?
3
Let h(f) = f**2 + 6*f + 6. Let n be h(-5). What is the units digit of (-2)/(-1)*n/2?
1
Let j(v) = -v**3 - 3*v**2 + 4. Let x be j(-3). Suppose -x*b + 0*b + 12 = 0. What is the units digit of b?
3
Let z = 10 + -15. Let k(x) = 2*x + 20. Let l be k(-15). What is the tens digit of (-82)/z - (-4)/l?
1
Let c be -1*(0 - 1)*-1. Let y be (2 + 3/c)*-5. Suppose 0*b = -y*b - d + 63, 2*b = -3*d + 20. What is the tens digit of b?
1
Let a = -3 - -5. Let f be a/3*(-3)/(-2). What is the units digit of f/(((-6)/27)/(-2))?
9
Suppose c - 3*m = 14, 12 = -4*c - 8*m + 3*m. Suppose c*f = 41 - 9. What is the tens digit of f?
1
Suppose 0 = -3*i - 14 + 44. What is the tens digit of i?
1
Let r(p) = 2*p**2 - 5*p - 2. Let q be r(-4). Suppose -4*z - o + 112 = -3*o, 2*z - q = 4*o. What is the tens digit of z?
2
Let c(t) = -5*t + 2. Suppose 3 + 7 = -5*f. What is the tens digit of c(f)?
1
Let w = 198 + -100. What is the tens digit of w?
9
Let r = 10 - 7. Suppose r = 2*i + 1. What is the units digit of i?
1
Let p = 7 + -4. Let l = p - -1. Suppose -4*h + 5*u + l + 18 = 0, -4*h - 3*u = -6. What is the units digit of h?
3
Suppose -76 = 4*g + 12. What is the units digit of g/((-3 - -5) + -4)?
1
Let d = 11 - 4. Let y = -16 + 28. Let q = y - d. What is the units digit of q?
5
Let a = 174 + -45. What is the hundreds digit of a?
1
Let d(y) = -3*y - 3. Let u be d(-2). Suppose -u*i + 16 = -i. What is the units digit of i?
8
Let o(s) = -s + 9. Let d be o(4). Suppose -5*c + 6 = -x, 4*c = -d*x + 5*c + 42. What is the units digit of x?
9
Let i(q) = q**3 + 11*q**2 - 28*q - 25. Let w be i(-13). Let z(v) be the first derivative of 3*v**2/2 - 1. What is the units digit of z(w)?
3
Let p be (-2)/(-6) + (-15)/(-9). Suppose -13 - p = -5*z. What is the units digit of z?
3
What is the units digit of (2*1047/(-6))/((-2)/2)?
9
Let w = -6 - -10. Suppose w*u = 4*y - 44, 2*y - 4*y + 5*u = -7. What is the units digit of y?
6
Let g = 130 - 49. What is the tens digit of g?
8
Let k = -112 + 249. What is the hundreds digit of k?
1
What is the units digit of ((-387)/((-9)/(-3)))/(6/(-4))?
6
Let f be 4/10 + (-36)/(-10). Let j be f - (1 - (-1 + 0)). Suppose 0 = -j*v + v + 5. What is the units digit of v?
5
Let k(s) = -s**3 + 7*s**2 + 7*s + 11. Let h be k(8). Suppose 3*w = -a + 5, -w - h*w = 5*a - 47. Let l = -4 + a. What is the units digit of l?
7
Suppose -s + 282 = 5*s. What is the units digit of s?
7
What is the units digit of (-6)/(-4)*(-504)/(-54)?
4
Let l = 0 - 0. Let a(t) = t**3 + 4*t**2 - 3*t - 3. Let p be a(-4). Let i = l + p. What is the units digit of i?
9
Suppose 0 = -o + 5*g - 12, -o - 2*o - 52 = g. Let c = o + 33. What is the units digit of c?
6
Let u = 118 - 77. What is the units digit of u?
1
What is the units digit of 3 + -6 - (-111 - -1)?
7
Let y = 64 - -48. Suppose 4*g = -2*c + 4 + 84, 3*c + 2*g - y = 0. What is the units digit of c?
4
Let q(y) = 12*y - 8. Let f be q(9). Suppose 29 = 3*a - f. Suppose t + a = 3*l + 5*t, -2*l - 4*t + 34 = 0. What is the units digit of l?
9
What is the units digit of (54/30)/((-2)/(-10))?
9
Let z = 9 - 4. Suppose 3*c - 4*c = -z. Suppose 3*n + 59 = c*y, -n = -2*n - 3. What is the units digit of y?
0
Let u be 11/(-5) + 2/10. What is the units digit of u/(-7) + 24/14?
2
Let p = -12 - -18. Suppose 5*v + z = -p, 0 = -4*v - z - 4. Let b = v - -10. What is the units digit of b?
8
Let x(w) = 3*w**2 + 3*w. Let v be x(-2). Suppose -4*i + i = -v. Let l = i - 1. What is the units digit of l?
1
Suppose -2*g + 32 = 2*y + 2*g, 3*y = -g + 53. Let q(m) = -m**2 + 7*m - 1. Let p be q(4). Let v = y - p. What is the units digit of v?
7
Suppose -3*y + 30 = 12. What is the units digit of (28/y)/((-4)/(-6))?
7
Suppose p + 26 = 6. What is the tens digit of (-1)/(-4) + (-215)/p?
1
Let n(o) = -9*o - 28. What is the tens digit of n(-14)?
9
Let v(w) = w**3 + 5*w**2 - 7*w + 1. Let p be v(-6). Let i = p - 11. Let d = i - -6. What is the units digit of d?
2
Let u(f) = 34*f - 21. What is the tens digit of u(7)?
1
Let m(i) = -i**3 + 15*i**2 + 9*i - 21. What is the hundreds digit of m(15)?
1
Let p(q) = 3*q**3 - 8*q**2 - 12*q + 20. Let g(r) = -r**3 + 3*r**2 + 4*r - 7. Let l(a) = 8*g(a) + 3*p(a). Let d = 7 + -4. What is the tens digit of l(d)?
1
Let q = 94 - 55. What is the tens digit of q?
3
Suppose -2*b = -3*v + 14 + 224, 0 = 5*v - 4*b - 398. What is the units di